2*r + 5. Let o(h) = -8*h**2 + 5*h - 12. Let z(n) = 5*j(n) + 2*o(n). What is z(f)?
0
Let o(w) = -w**3 + w**2 + w - 40. Suppose 8*c - 3*y = 5*c, -4*y = -3*c. Give o(c).
-40
Let c(z) = z**3 + 13*z**2 - z - 1. Suppose 5*l + 39 = 2*l. What is c(l)?
12
Let i(k) = 1. Let y(o) = o**2 - 2. Let v(u) = 3*i(u) - y(u). Suppose -3*g - 303 = 42. Let d be 1*-5*92/g. Give v(d).
-11
Let z(x) be the third derivative of 0*x**3 + 0 + 0*x - 2*x**2 - 1/24*x**4. Let i be (-24)/(-10) - 3 - ((-132)/(-30) - 0). Determine z(i).
5
Let z(n) = -25831 + 25830 - 7*n**2 - 17*n**2. Determine z(1).
-25
Let y(b) = -4*b + 4. Let v(n) = -n - 3. Suppose -5*p = d + 1, 2*p - p - 1 = 0. Let u be v(d). Suppose -5*m = -5*i, 2*i = m + u*i - 6. What is y(m)?
-8
Let r(h) be the second derivative of -h**4/12 + 2*h**3/3 - 5*h**2 - 19*h + 3. What is r(8)?
-42
Suppose 5*z - 9*z + 20 = 0. Suppose f + 12 = z*f. Suppose -8 = 2*g - 3*x, x + f*x = g - 1. Let q(w) = -2*w - 9. Determine q(g).
5
Let c(h) = 78 + h**3 + 74 - 311 + 82 - 2*h + 76. Determine c(-2).
-5
Suppose -3*w + p + 2*p + 27 = 0, -w + 3*p + 17 = 0. Let b(t) be the second derivative of -t**5/20 + 5*t**4/12 + t**3/3 - 2*t**2 - t. What is b(w)?
6
Let h(s) be the third derivative of -s**5/60 - 5*s**4/24 + 2*s**3/3 + 3*s**2. Suppose -3 = -q, 4*t - 2*q - 1 = 17. Suppose 2*g + 18 - t = 0. Give h(g).
-2
Let y be 1/1*1 + 4. Let a be 2 - 0/y - -4. Let u(z) = z**2 - 5*z. Determine u(a).
6
Let v(k) = 36*k + 1 + 29*k - 3 - 67*k. Suppose 0 = 2*h + 4, 5*n + h = 2*h + 2. Suppose s = -n - 3. Calculate v(s).
4
Let t(s) = -6*s**3 - 5*s**3 + 0 + 0 + 1 + s. Let c = 25 - 20. Let m = c - 6. What is t(m)?
11
Let m(v) = -v**2 + 15*v + 28. Suppose 31*p - 595 = -4*p. Calculate m(p).
-6
Let j = -15 + 17. Suppose j*q + 64 - 50 = 0. Let n(y) = -y**2 - 8*y + 3. Calculate n(q).
10
Let s(r) = r**2 - 8*r + 11. Let b = 22 + -23. Let x(o) = -1. Let t(h) = b*s(h) - 5*x(h). Determine t(6).
6
Let i(x) be the first derivative of -x**3/3 + 3*x**2/2 + 3546. Suppose -3*r - 9 = -6*r. Suppose y + 14 = 5*v - 9, r*v = -3*y + 3. Calculate i(v).
-4
Let p(j) be the first derivative of -1/3*j**3 + 13 + 8*j - 3*j**2. Determine p(-6).
8
Let q(l) = -11*l**2 + 5*l - 4. Let h(j) = -5*j**2 + 2*j - 2. Let k = 55 - 46. Let c(v) = k*h(v) - 4*q(v). Calculate c(-3).
-5
Let i(u) = -u**3 - 8*u**2 - u + 6. Let j be (0 + -6)*(-40)/(-48). What is i(j)?
-64
Let v(r) = -7*r + 4. Let w be (4/6 - 2)/((-4)/6). Determine v(w).
-10
Let o(h) be the third derivative of -h**5/30 - h**4/6 + h**3/3 - 95*h**2. Let q be (9 - 10) + (-8)/(-2). What is o(q)?
-28
Suppose 528*o - 526*o = 2. Let a(d) = -10*d**2 - 1. What is a(o)?
-11
Suppose 7*v = -3*v + 30. Suppose 0 = -8*u + v*u + 25. Let b(m) = m**3 - 4*m**2 - 2*m - 6. Calculate b(u).
9
Let k(y) = y**3 - y**2 + 1. Let h(r) = -2*r**3 - 2. Suppose 1 = -s + 2*q, -11 = -3*s + 7*s - q. Let l(p) = s*k(p) - h(p). Calculate l(1).
1
Suppose 0 = -0*h - h. Suppose 12 = -2*y - h*y. Let r(i) be the third derivative of -i**5/60 - i**4/3 - 4*i**3/3 - 36*i**2 - 2*i. Determine r(y).
4
Let u = -41 + 42. Let m(f) = -3*f**2 - 7 + 5 - 2*f - f**3 - u + 2*f**2. Determine m(-2).
5
Let n(o) be the third derivative of 0*o - 5/24*o**4 + 0 + 0*o**3 + 17*o**2. Calculate n(1).
-5
Let z(r) = -45*r + 21*r + 21*r. Give z(1).
-3
Suppose 0 = -11*o + 6*o + 40. Suppose -o*r + 6 = -5*r. Let z(y) = 0*y**2 + 19*y - 14*y + y**r. Determine z(-6).
6
Suppose 5*s = 3*s - s. Let h(l) = 2*l - 7. Calculate h(s).
-7
Let m = -5 + 12. Let d(w) = 3*w + 0*w**2 - m*w**2 + 1 + w**3 + 3*w. Let h(y) = 2*y**3 - 9*y**2 - 2*y - 9. Let u be h(5). What is d(u)?
1
Suppose 6 = 5*y - 4*y - g, -4*y + 19 = g. Let r(s) be the first derivative of -y*s + 1 + s + 3*s + 3 - s**2. Determine r(1).
-3
Let q be (-2 + (-2 - -5))/1. Let p(d) = 0 - 14*d - 1 + 16*d + 12*d**2. Give p(q).
13
Let x(f) = 11*f - 5. Let c be ((-108)/144)/(2/((-32)/6)). Give x(c).
17
Let f(q) = -q**2 + 16*q - 42. Suppose 0 = -2*s + g + 26, -73*g + 77*g + 44 = 3*s. Determine f(s).
6
Let i = 9 - -3. Let k be 2/((-4)/i*2). Let o(j) = j**3 + 4*j**2 + 3*j + 3. Give o(k).
3
Let t(c) = c**3 + 11*c**2 + c - 4. Let q(k) = -2*k**3 - 19*k**2 - 2*k + 7. Let r(g) = -3*q(g) - 5*t(g). Give r(-1).
-1
Let t(x) be the second derivative of x**7/210 - x**5/120 - x**4/24 - x**3/2 + 5*x. Let s(d) be the second derivative of t(d). What is s(-1)?
-4
Let w be 18/5 + 12/(-20). Let f(c) = 4*c - 7*c**2 + 7*c**w + 8 - 6*c**3 + 2*c. What is f(6)?
8
Let q = 5 - -3. Let o(r) = 180*r**3 + 176*r**3 - 8 - 355*r**3 + 2 - 8*r**2. What is o(q)?
-6
Let i = -3 + 6. Suppose 3*d - 2*c - i = c, -3*d - 2*c = -13. Suppose -4 = z - d. Let m(b) = -b + 1. What is m(z)?
2
Let k(c) be the first derivative of c**2/2 + 20*c + 222. Give k(-9).
11
Let y(g) = -5*g**3 - 7*g**2 + 4*g - 5. Let v(j) = -4*j**3 - 7*j**2 + 3*j - 4. Let p(w) = -4*v(w) + 3*y(w). What is p(-7)?
1
Let o(y) = -y**3 + 14*y**2 - 50*y + 13. Let j be o(8). Let z(w) be the first derivative of -w**4/4 - 2*w**3 - 5*w**2/2 - 4*w - 1. Give z(j).
-16
Let w(a) = -a**3 - a**2 + 3*a - 2. Let j be (69/138)/(2/12). Calculate w(j).
-29
Suppose -2*f = 4*x - 8, -7 + 0 = -3*x - f. Let z(l) = 9*l + 11*l - 21*l + 4. Determine z(x).
1
Let i(v) be the second derivative of 15/2*v**2 + 0 + 1/6*v**3 + 1/20*v**5 + 5/4*v**4 + 2*v. Let z be i(-15). Let a(n) = n + 3. Give a(z).
3
Let u(c) = -1 + 5 + 2*c**2 - 4 + 6 + 10*c. Suppose 5*z + 2*s = z - 28, z - 2*s = -2. Give u(z).
18
Let b(f) = -f**2 - 4*f + 34. Let q be b(-9). Let o(x) = -x**3 - 12*x**2 - 13*x + 2. Give o(q).
24
Let j(i) = 18*i**2 - 4. Let w(k) = -24*k**2 + 3. Let z(m) = -4*j(m) - 5*w(m). Calculate z(-1).
49
Let w(s) be the first derivative of s**2 + 3*s + 65. What is w(8)?
19
Let p(o) = o. Let k be p(2). Let r(h) = -8*h**2 + h + 2. Let z(b) = -11*b**2 + 2*b + 3. Let u(j) = -4*r(j) + 3*z(j). Calculate u(k).
1
Suppose 4*b - 6*s = -s + 18, -4*s = 2*b + 4. Let d(g) be the second derivative of -1/2*g**3 + 1/6*g**4 - 7*g - b*g**2 + 1/20*g**5 + 0. Determine d(-3).
-4
Suppose 0 = -0*r + r - 2. Let g(x) = -13*x + 14. Let s(d) = -4*d + 5. Let n(l) = r*g(l) - 7*s(l). Let u = 24 + -19. Determine n(u).
3
Let b(r) = 3*r**3 + r**2 + r + 1. Let g be ((-32)/(1/1))/(-3 + 2). Let i = -33 + g. Calculate b(i).
-2
Let r(p) = -2*p**2 - 3*p - 3. Let c = 37 - 34. Let s be 3 - (-32)/(-7) - c/7. What is r(s)?
-5
Let k be 1/((-4)/(-16) + 0/(-1)). Let n(u) = 8*u + k*u - u + 7 - 13*u. What is n(5)?
-3
Let g(r) = -r**2 + 19. Suppose -10*q + 14 = 14. Give g(q).
19
Let k(g) = -g**3 + 10*g**2 - 10*g + 8. Let o be 15/(-45) + 8/6*7. What is k(o)?
-1
Let v(k) be the second derivative of -k**3/2 - 3*k**2/2 + 24*k. Suppose -3*l = -3*y - y + 38, l = 5*y - 31. Determine v(l).
15
Let u be 11 - 15 - (-1 - 15). Suppose 3*y = -0*y + u. Let f(b) = -3*b + 6. Give f(y).
-6
Let n(k) be the first derivative of -k**4/4 + 7*k**3/3 + 17*k**2/2 + 7*k - 93. What is n(9)?
-2
Let p(c) = 2*c + 5. Let h(v) = -2*v - 4. Let b(g) = 4*h(g) + 3*p(g). Let t = -34 + 35. Let i be -4 + 3 + 1 - (0 + t). What is b(i)?
1
Let a(g) = -g**2 + g + 1. Let m(h) = -h**3 - h**2 - h - 5. Let w(s) = a(s) + m(s). Suppose -3*l = 3*l + 18. What is w(l)?
5
Suppose -3*p + 5*a - 20 = 0, -p - a = a - 8. Let f = p + 7. Let m = f + -1. Let h(d) = d - 8. What is h(m)?
-2
Let w(a) be the first derivative of 5*a**2/2 - 2*a - 55. Suppose 0 + 4 = j. Suppose 23 = j*k - 5*n, -3*n - 10 = -3*k + 5. What is w(k)?
8
Let j(n) be the second derivative of n**3 - 1/40*n**5 + 5*n + 0 + 0*n**2 - 1/24*n**4. Let q(l) be the second derivative of j(l). Give q(2).
-7
Let a(n) = -n**3 + n**2 - n - 2. Let s(p) = 3*p**2 - 3*p - 7. Let q(l) = l**2 - l - 3. Let b(i) = 5*q(i) - 2*s(i). Let m(f) = a(f) - 6*b(f). Give m(6).
-2
Suppose 4*j - 8 + 0 = 0. Let f(y) = 1 + 0*y + 0*y + 96*y**2 - 97*y**2. Let h(m) = m**2 - 1. Let i(l) = -5*f(l) - 4*h(l). What is i(j)?
3
Let i(u) = 2*u. Let v(o) = -4*o**3 + o**2 + 13*o - 2. Let m(k) = -6*i(k) + v(k). What is m(1)?
-4
Let h(i) = i - 1. Let k = 29 + -23. Determine h(k).
5
Let o(b) = b**2 + 10*b + 3. Let y(p) = -p**2 - 11*p - 4. Let m(q) = -2*o(q) - 3*y(q). Give m(-12).
-6
Let n(g) = g + 1. Suppose 7*k - 5 = 2*k. Let r(v) = v**2 + 3*v - 2. Let a(d) = k*r(d) + 3*n(d). Determine a(-5).
-4
Let j(w) = -w**2 - 6*w - 2. Let v(q) = -q - 12. Let c = -17 - 0. Let b be v(c). Suppose 0 = 2*m - m + b*l + 25,